
-41
What is the value of (-3 - -19) + (74 - 81) + -18?
-9
Evaluate (19 - (10 - 10) - 34) + -10 - 5.
-30
-6 + -89 + 77 + (1 - 27) + -14
-58
Evaluate 86 + -183 + 108 - 74.
-63
Evaluate (-19 - (-137 + 58)) + -30.
30
Calculate -103 - (-2 + 23 + (27 - (-48 + 115))).
-84
-7 - (32 - (40 + 35))
36
Evaluate -11 + -14 - -30 - 22 - -2.
-15
What is the value of 207 - 215 - (-61 - 9) - (-10 + -1)?
73
(102 - 55) + -64 - (-57 - -1)
39
Calculate (10 - (-4 - -1)) + (37 - (21 + 27)) + 76.
78
What is the value of -97 + (213 - 132) - 23?
-39
54 - 100 - (3 + 92 - 2)
-139
(-4 - (-1 - -2)) + (144 + -87 - 48) + 44
48
What is 16 + -3 + (-8 - -9) + (3 - 1 - 8)?
8
Evaluate -1 + -18 + (-5 - (-5 - (12 - (-3 + 7)))).
-11
What is the value of (0 - -4 - 69) + (-28 - -52)?
-41
-2 + -39 - (18 - (7 + (-19 - -37) + 6))
-28
What is 35 + -15 + 0 - -21 - 37?
4
13 + (-10 + 26 - (18 - 0))
11
What is the value of (-8 - -23 - (19 + 3)) + 6?
-1
What is -10 + -2 - 16 - (-29 + -77)?
78
What is -12 + 12 + -26 + -16 + 11 + -2?
-33
2 - -21 - (-33 + (29 - 17) + 8)
36
What is (-57 - -45) + 42 + 1 + 50?
81
What is the value of -2 - 51 - (-1244 + 1173)?
18
Evaluate -18 + (25 - 22 - (12 - -1)).
-28
What is (104 - 41) + -25 + -17?
21
Evaluate 54 + (7 - (7 + -14)) + -2.
66
Calculate 86 + -72 + 44 + -32.
26
What is the value of -29 - 0 - (-13 + 14 + 4 + -9)?
-25
What is 3 + -24 + -9 + 18 + 23?
11
Calculate 660 - 687 - (-3 + -1).
-23
Evaluate -2 + 102 - (36 - 0 - (3056 + -3018)).
102
Calculate (-26 - -16) + 25 + -40.
-25
(25 - 32 - -34) + -33 + 1 + -1 + 24
18
What is 15 + -98 + -55 + 15 + 55?
-68
What is the value of (-13 - (-13 - -11) - (-6 - -5)) + 12 - 39?
-37
Evaluate 51 - (40 + -97) - (-8 - -8).
108
-29 + -11 - -174 - 42
92
Calculate 74 + -65 + (44 - 28).
25
(28 - 18 - -23) + (-96 - -93)
30
What is -30 - (-33 + 4) - ((0 - 4) + -25 + 28)?
0
Calculate 0 + (20 - (1 + 5)) + (6 - (-2 + -2)).
24
Calculate 0 + 39 + 1 + ((-26 - 72) + 64 - -27).
33
Calculate -144 + 30 + 46 - 22.
-90
Evaluate 20 + -1 + (-15488 - -15397).
-72
(7 - 6) + -9 - -3 - (-22 + 6 - 7)
18
Calculate -3 - (17 - (-33 - -43)) - 79.
-89
Calculate -1 + (2 - -4) + -8 + 14 + -22 + 5.
-6
What is (125 - 209) + 90 - (1 - -68)?
-63
9 + -28 + 0 - (70 + (0 - 25))
-64
Evaluate (-1 + 11 - ((0 - -24) + (1414 - 1426))) + 81.
79
9 - 243 - (-2132 - -2014)
-116
Calculate (2 - -32) + (377 - 400) + -15.
-4
What is the value of 0 + 1 + 62 + 1 + (81 + -43 - 45)?
57
-810 + 818 + 1 + 91 + -12
88
Calculate -10 + 149 + 122 + -117.
144
What is the value of -4 - (175 - 75) - -38?
-66
What is -1648 + 1697 + (-6 - 145)?
-102
What is the value of (188 - 156) + (-44 - 11)?
-23
Evaluate -106 + (-22 - (-48 - 27)).
-53
Evaluate 2 + 195 - (-1254 - -1319).
132
0 - (2 - -2 - 10 - (-3 - 6))
-3
13 + 0 - ((9 + -34 - -6) + -14)
46
What is the value of -1 + 9 - (-359 + 351) - 7 - 84?
-75
4 - (38 - -7) - (8 + -26)
-23
What is 3 - -3 - 4 - (-952 - -887)?
67
What is 75 + (-85 + 127 - 197)?
-80
Evaluate 12 + (17 + -30 - 0) + (3 + 0 - -45).
47
What is 33 + -16 + (5 - (-10 - 5))?
37
790 - 761 - (28 + 3 + -7)
5
-3 + (3 - -80) + -18 + 86 + -62
86
(-51 - -61) + -23 + 15
2
What is -25 - -6 - (-5 - (-20 - (-6 - -4)))?
-32
Calculate (-48 - -73) + -1 + -60.
-36
What is -17 + (47 - (0 + 21)) - (0 - -111)?
-102
Calculate (-17 - 1) + (2 + 24 - (17 + -3)).
-6
Calculate 1 + 18 + -24 - ((-11 - -7) + (0 - -27)).
-28
(12 - (104 + 17 + -12)) + 9 - (1 - -2)
-91
(-1 - -5) + -96 - (4076 + -4032)
-136
Calculate -6 + 109 + -122 + -6 + 1.
-24
Evaluate -44 + (231 + -214 - (45 + 0) - -18).
-54
6 - ((25 + -16 - 39) + 74)
-38
Evaluate (3 - (1 + 6)) + 14 + -10 + -10 + -41.
-51
51 + -59 - (14 + -44) - 21
1
What is the value of 0 + -1 + 6 + (-46 - (11 + -56))?
4
What is the value of (8 - 57) + -6 - (16 - -8 - 12)?
-67
Evaluate (-14 - -53 - 157) + 31.
-87
What is the value of -1 + (-37 - 4 - 5) + (-2391 - -2397)?
-41
(-7 - (-7 + -12)) + 0 + 12 + 12
36
(191 - 157) + -57 + 5
-18
What is -53 - (26 - (12 - (-15 + 4)))?
-56
Calculate (2 - (0 + -2 - 0)) + -240 + 316 - 0.
80
Calculate (6 - (-115 + 146)) + 15.
-10
-6 + (4 - -25 - 19) + -1 + -20
-17
What is 0 + 8 - (21 + (-244 - -260))?
-29
What is the value of 6 + 5 + -1 + (109 - 72)?
47
1 + 11 - (9 - (7 - (-26 + 20)))
16
What is (21 - 38) + 30 - (-54 + (-4 - 11))?
82
What is the value of (-1 - 0) + 18 + 68 + -62 - -5?
28
Calculate 31 - (-4 + 70) - 4.
-39
What is the value of 3 - (-24 - 3 - -17 - (-1 - -2))?
14
What is (49 - 2) + 57 + -95?
9
Calculate -2 + 0 + (0 - 1) - (50 + -97 + 60).
-16
What is the value of 57 + 19 + 0 + (-6 - (32 - 25))?
63
What is -3 - (-1 + -1) - ((-39 - -23) + -14 - -31)?
-2
What is (-18 + 30 - (-16 + 11)) + -91 + -8?
-82
Calculate 350 - 363 - (22 - 5).
-30
Calculate (-2 - -79) + 1400 + -1433.
44
What is the value of -6 - (5 + (2 - 16)) - (5 - -16)?
-18
Calculate (112 - 109) + 1 + (0 - -2 - -58).
64
57 - -33 - 2 - 32
56
4 + -9 + 6 + 41 + -6
36
35 - (150 + -168 - (0 + -9)) - 2
42
What is the value of -8 + -3 + 21 + -2093 + 2169?
86
Calculate (312 - 283) + (3 + 7 + -16 - (3 + 0)).
20
11 - (-323 - -330 - (7 + 0))
11
What is the value of 15 + -17 - (-10 - (4 - 12) - -18)?
-18
Evaluate (0 - -138) + 3573 + -3759.
-48
Calculate -5 + (24 + -10 + -29 - (-4 - 0)).
-16
Evaluate (72 - 171 - -116) + -16.
1
(2 - -15 - (28 - ((-34 - -30) + 24))) + -100
-91
What is the value of 30 - 40 - (-4 - (14 - -1)) - (-1 - 58)?
68
What is the value of (-34 - -22 - -7 - 6) + -8 + -27?
-46
Evaluate (33 - -5) + (16 - (-4 - -20)) + 8.
46
Calculate 309 - 350 - (-17 + -2 - 5).
-17
(3 - (0 + 21 + -4)) + (12 - 5)
-7
Evaluate -59 + -57 - -16 - (11 - 0).
-111
Calculate (-2 + -1 - -104) + (26 - -17 - 56).
88
Calculate (2 - 94) + (-14 - (20 - 35)) + -15.
-106
What is the value of 11 + (48 + -23 - 53) + -18?
-35
What is (-8 - -14 - (-2 - 0)) + -83 + 80?
5
Evaluate (2 + 1 - 6) + (-3 - -17 - -12) + -73.
-50
What is (-11 - (-4 + 3 - -1)) + -1 + -55?
-67
Calculate -2 - (78 - 68 - (4 - 21) - 14).
-15
19 + 8 - (39 + (-28 - -42))
-26
Calculate -23 - -42 - (437 - 399).
-19
What is the value of 3 - (1 + -2) - (38 + (-12 - -9))?
-31
-146 + 1 + (-27 - (-169 + 145))
-148
What is the value of -120 - (-170 + (-59 - -142))?
-33
Evaluate (-3 - -4) + 60 + -89.
-28
Evaluate -221 - -310 - 138 - (-1 + (0 - -17)).
-65
What is the value of 39 + (-29 + 25 - 19)?
16
What is the value of (9 - 22) + -23 + -14?
-50
-11 + (-7 - (0 - (-13 + 10))) + 61
40
What is the value of 8778 + -8736 + (-2 - (-39 - -3))?
76
What is the value of 4 - (-50 + 43) - (41 + (0 - 2))?
-28
Evaluate 12 - (33 - 19) - (-27 - -12).
13
Calculate -107 + 0 + 84 + -64 + 10.
-77
-6 - ((-13 - (-13 + (1 - 71))) + 3 + 2)
-81
What is -4 + -1 + 2 - (13 + -12) - (-1168 - -1169)?
-5
(-18 + (-18 - (-10 + -3)) - -11) + -51
-63
What is 28 - 26 - (7 - (6 + -1))?
0
Evaluate -1488 - -1463 - (-78 + 0).
53
What is the value of 45 + 29 + -105 - (5 + 4)?
-40
Evaluate 58 + (-13 - (7 + -2 + (-66 - -62))).
44
What is the value of (60 - (22 - -36)) + -15?
-13
Evaluate (-18 - -3) + (-49 - (-125 - -21)).
40
What is (-10 + 46 - -10) + -14 + (1 - 6)?
27
Evaluate -69 + (10 - 9 - ((5 - 3) + -17)).
-53
Calculate (-21 - (29 + -70)) + 1 + -63.
-42
Calculate 4 - (-83 - (2 + -2 + -12)) - -1.
76
Calculate 62 + -94 + -96 - -51.
-77
Calculate 33 + -14 + (5 - 15) + -37.
-28
What is the value of -12 - (48 + -57) - 29?
-32
(-2 - (36 + -86)) + -76
-28
What is the value of (4 - 10) + (416 - 410 - (-1 + 2 - -35))?
-36
What is 1596 + -1512 + (0 - 37)?
47
Evaluate 70 - (55 + -38 - 31).
84
(-8 - (-1 - 0) - (-12 + -63 + 36)) + 5
37
What is (102 - 87) + (-14 - (-9 + 18))?
-8
What is the value of 144 - (-260 + 115 - -227)?
62
-1 + -1 - -50 - (-49 - (-34 - 26))
37
-12 + (-12 + 0 - (17 - 42)) + 36
37
What is 10 - ((-5 - -14) + -49) - (-69 + 52)?
67
(-8 - 19) + (1 - -43) + -42
-25
What is (10 - (-62 - -79)) + (-1 - 0 - 1)?
-9
7 + (4 - 14 - -20) + -6 + (30 - 56)
-15
What is (-1486 - -1472) + (7 - -5)?
-2
What is the value of -31 + (-26 - 17) - (3 - -21 - 2)?
-96
2 - ((-12 - (12 - 8 - 31)) + -10) - 4
-7
What is the value of (-130 - -78) + 58 + (1 + -2 + -1 - -56)?
60
Calculate 22 - (-2 + (5 + -22 - -5)).
36
What is the value of -2 + (-79 - (-11 - (12 + -1 + -20)))?
-79
What is 26 + (26 - 116) - (1 + (-4 - -2 - 4))?
-59
-4 + -7 + (5 - 9) + 1 + -25
-39
Evaluate -2 + (0 - (-3 + 0)) + -154 + 7